factors of 13524?
2, 3, 7, 23
List the prime factors of 3036.
2, 3, 11, 23
What are the prime factors of 15073?
15073
What are the prime factors of 36075?
3, 5, 13, 37
What are the prime factors of 1609?
1609
List the prime factors of 22795.
5, 47, 97
List the prime factors of 46506.
2, 3, 23, 337
What are the prime factors of 7602?
2, 3, 7, 181
What are the prime factors of 18502?
2, 11, 29
List the prime factors of 125.
5
List the prime factors of 2111.
2111
List the prime factors of 4484.
2, 19, 59
List the prime factors of 2002.
2, 7, 11, 13
List the prime factors of 99002.
2, 59, 839
What are the prime factors of 1714?
2, 857
List the prime factors of 65971.
37, 1783
List the prime factors of 6141.
3, 23, 89
What are the prime factors of 864?
2, 3
List the prime factors of 145119.
3, 13, 61
What are the prime factors of 2278?
2, 17, 67
List the prime factors of 68183.
41, 1663
List the prime factors of 12118.
2, 73, 83
What are the prime factors of 786?
2, 3, 131
List the prime factors of 15267.
3, 7, 727
What are the prime factors of 118356?
2, 3, 7, 1409
List the prime factors of 154118.
2, 263, 293
List the prime factors of 5867.
5867
List the prime factors of 785.
5, 157
What are the prime factors of 291?
3, 97
List the prime factors of 5012.
2, 7, 179
List the prime factors of 110234.
2, 55117
What are the prime factors of 155?
5, 31
What are the prime factors of 18641?
7, 2663
List the prime factors of 92687.
7, 13241
List the prime factors of 71344.
2, 7, 13
What are the prime factors of 2276?
2, 569
List the prime factors of 58357.
13, 67
What are the prime factors of 2010?
2, 3, 5, 67
What are the prime factors of 5320?
2, 5, 7, 19
What are the prime factors of 41163?
3, 13721
What are the prime factors of 2470?
2, 5, 13, 19
What are the prime factors of 705?
3, 5, 47
List the prime factors of 77071.
37, 2083
What are the prime factors of 4044?
2, 3, 337
List the prime factors of 8915.
5, 1783
List the prime factors of 13547.
19, 23, 31
What are the prime factors of 23048?
2, 43, 67
What are the prime factors of 115605?
3, 5, 7, 367
What are the prime factors of 9900?
2, 3, 5, 11
What are the prime factors of 107676?
2, 3, 997
What are the prime factors of 110217?
3, 36739
What are the prime factors of 5403?
3, 1801
What are the prime factors of 828?
2, 3, 23
List the prime factors of 11586.
2, 3, 1931
What are the prime factors of 4493?
4493
List the prime factors of 1734.
2, 3, 17
What are the prime factors of 30832?
2, 41, 47
List the prime factors of 535.
5, 107
What are the prime factors of 39462?
2, 3, 6577
What are the prime factors of 34540?
2, 5, 11, 157
What are the prime factors of 24605?
5, 7, 19, 37
List the prime factors of 30079.
7, 4297
List the prime factors of 44252.
2, 13, 23, 37
What are the prime factors of 10963?
19, 577
What are the prime factors of 1865?
5, 373
What are the prime factors of 2467?
2467
List the prime factors of 331.
331
What are the prime factors of 22869?
3, 7, 11
What are the prime factors of 11786?
2, 71, 83
List the prime factors of 34102.
2, 17, 59
What are the prime factors of 6888?
2, 3, 7, 41
What are the prime factors of 4642?
2, 11, 211
List the prime factors of 514.
2, 257
List the prime factors of 11611.
17, 683
List the prime factors of 41221.
41221
What are the prime factors of 15870?
2, 3, 5, 23
What are the prime factors of 108785?
5, 21757
List the prime factors of 31854.
2, 3, 5309
What are the prime factors of 1632?
2, 3, 17
What are the prime factors of 9716?
2, 7, 347
List the prime factors of 352.
2, 11
List the prime factors of 649.
11, 59
What are the prime factors of 143?
11, 13
List the prime factors of 1181.
1181
List the prime factors of 1624.
2, 7, 29
What are the prime factors of 61726?
2, 7, 4409
What are the prime factors of 115?
5, 23
List the prime factors of 1272.
2, 3, 53
List the prime factors of 8113.
7, 19, 61
What are the prime factors of 182?
2, 7, 13
What are the prime factors of 30389?
30389
What are the prime factors of 36815?
5, 37, 199
List the prime factors of 2416.
2, 151
What are the prime factors of 1118?
2, 13, 43
What are the prime factors of 30611?
7, 4373
List the prime factors of 8988.
2, 3, 7, 107
What are the prime factors of 4707?
3, 523
List the prime factors of 71794.
2, 35897
List the prime factors of 1642.
2, 821
What are the prime factors of 4588?
2, 31, 37
What are the prime factors of 1719?
3, 191
List the prime factors of 8511.
3, 2837
List the prime factors of 98486.
2, 23, 2141
What are the prime factors of 9028?
2, 37, 61
List the prime factors of 11218.
2, 71, 79
List the prime factors of 3498.
2, 3, 11, 53
List the prime factors of 407.
11, 37
What are the prime factors of 341?
11, 31
What are the prime factors of 28192?
2, 881
What are the prime factors of 316?
2, 79
List the prime factors of 5991.
3, 1997
List the prime factors of 10266.
2, 3, 29, 59
List the prime factors of 3353.
7, 479
List the prime factors of 16704.
2, 3, 29
List the prime factors of 1688.
2, 211
What are the prime factors of 4390?
2, 5, 439
What are the prime factors of 52309?
17, 181
List the prime factors of 320.
2, 5
List the prime factors of 30634.
2, 17, 53
What are the prime factors of 6744?
2, 3, 281
What are the prime factors of 55176?
2, 3, 11, 19
List the prime factors of 437.
19, 23
List the prime factors of 62218.
2, 13, 2393
What are the prime factors of 13436?
2, 3359
List the prime factors of 9173.
9173
What are the prime factors of 1333?
31, 43
What are the prime factors of 7222?
2, 23, 157
What are the prime factors of 7932?
2, 3, 661
What are the prime factors of 2408?
2, 7, 43
List the prime factors of 377.
13, 29
What are the prime factors of 997?
997
What are the prime factors of 37230?
2, 3, 5, 17, 73
List the prime factors of 36205.
5, 13, 557
List the prime factors of 2112.
2, 3, 11
What are the prime factors of 1125?
3, 5
What are the prime factors of 5244?
2, 3, 19, 23
List the prime factors of 6140.
2, 5, 307
What are the prime factors of 6927?
3, 2309
What are the prime factors of 13044?
2, 3, 1087
What are the prime factors of 26392?
2, 3299
List the prime factors of 6685.
5, 7, 191
List the prime factors of 9802.
2, 13, 29
List the prime factors of 1122.
2, 3, 11, 17
List the prime factors of 6096.
2, 3, 127
What are the prime factors of 48367?
11, 4397
List the prime factors of 2807.
7, 401
List the prime factors of 21216.
2, 3, 13, 17
List the prime factors of 34475.
5, 7, 197
What are the prime factors of 228?
2, 3, 19
What are the prime factors of 2677?
2677
List the prime factors of 42460.
2, 5, 11, 193
List the prime factors of 10739.
10739
What are the prime factors of 59969?
7, 13, 659
What are the prime factors of 15453?
3, 17, 101
What are the prime factors of 90951?
3, 7, 61, 71
What are the prime factors of 116101?
116101
What are the prime factors of 52646?
2, 11, 2393
What are the prime factors of 122?
2, 61
What are the prime factors of 174?
2, 3, 29
What are the prime factors of 9502?
2, 4751
List the prime factors of 1169.
7, 167
What are the prime factors of 180?
2, 3, 5
List the prime factors of 7329.
3, 7, 349
List the prime factors of 68157.
3, 7573
List the prime factors of 6671.
7, 953
List the prime factors of 5643.
3, 11, 19
What are the prime factors of 3418?
2, 1709
List the prime factors of 34394.
2, 29, 593
List the prime factors of 2359.
7, 337
What are the prime factors of 52403?
13, 29, 139
What are the prime factors of 1020?
2, 3, 5, 17
What are the prime factors of 17880?
2, 3, 5, 149
What are the prime factors of 12817?
7, 1831
What are the prime factors of 6194?
2, 19, 163
What are the prime factors of 29177?
163, 179
List the prime factors of 10854.
2, 3, 67
List the prime factors of 44746.
2, 13, 1721
List the prime factors of 93039.
3, 31013
What are the prime factors of 915?
3, 5, 61
List the prime factors of 4515.
3, 5, 7, 43
What are the prime factors of 45688?
2, 5711
List the prime factors of 1030.
2, 5, 103
What are the prime factors of 5980?
2, 5, 13, 23
List the prime factors of 519.
3, 173
List the prime factors of 1940.
2, 5, 97
What are the prime factors of 349?
349
List the prime factors of 90539.
37, 2447
What are the prime factors of 520?
2, 5, 13
What are the